893723 is divided by 39.
36
What is the remainder when 1134417 is divided by 9779?
53
What is the remainder when 40448 is divided by 3805?
2398
Calculate the remainder when 17672495 is divided by 53553.
5
Calculate the remainder when 746165 is divided by 24.
5
Calculate the remainder when 134555 is divided by 3447.
122
Calculate the remainder when 9306886 is divided by 28.
22
Calculate the remainder when 290859 is divided by 2805.
1944
What is the remainder when 1363277 is divided by 4256?
1357
Calculate the remainder when 52101821 is divided by 16.
13
What is the remainder when 951060 is divided by 133?
110
What is the remainder when 2019374 is divided by 1009675?
24
What is the remainder when 503783 is divided by 188?
131
What is the remainder when 15399 is divided by 3100?
2999
What is the remainder when 70181169 is divided by 2748?
2745
What is the remainder when 950737 is divided by 18283?
21
Calculate the remainder when 88969 is divided by 28074.
4747
Calculate the remainder when 332951 is divided by 1690.
21
Calculate the remainder when 11042059 is divided by 1380257.
3
Calculate the remainder when 2806529 is divided by 255.
254
Calculate the remainder when 358478 is divided by 1280.
78
Calculate the remainder when 14492754 is divided by 946.
34
What is the remainder when 19531726 is divided by 2498?
2362
What is the remainder when 1010739 is divided by 1125?
489
Calculate the remainder when 211509149 is divided by 469.
467
What is the remainder when 57521 is divided by 2876?
1
What is the remainder when 104009577 is divided by 265?
257
What is the remainder when 47537 is divided by 6629?
1134
What is the remainder when 215597 is divided by 2784?
1229
Calculate the remainder when 14402 is divided by 4040.
2282
What is the remainder when 36429904 is divided by 298?
0
What is the remainder when 202898 is divided by 40522?
288
What is the remainder when 251986 is divided by 251928?
58
What is the remainder when 1546639 is divided by 1546519?
120
What is the remainder when 64273 is divided by 113?
89
What is the remainder when 842232 is divided by 140354?
108
Calculate the remainder when 6747308 is divided by 36.
8
Calculate the remainder when 43939632 is divided by 101.
87
What is the remainder when 150070848 is divided by 10?
8
Calculate the remainder when 459243711 is divided by 1011.
1005
What is the remainder when 205992 is divided by 100?
92
What is the remainder when 83517368 is divided by 10439671?
0
Calculate the remainder when 439332 is divided by 1404.
1284
Calculate the remainder when 92284021 is divided by 17.
14
Calculate the remainder when 285317 is divided by 5816.
333
What is the remainder when 3230050 is divided by 15308?
62
Calculate the remainder when 3847387 is divided by 26.
11
What is the remainder when 1738376 is divided by 579456?
8
Calculate the remainder when 11674694 is divided by 898045.
109
What is the remainder when 4665417 is divided by 58?
13
What is the remainder when 3138410 is divided by 111?
107
Calculate the remainder when 37324 is divided by 421.
276
Calculate the remainder when 155902 is divided by 1497.
214
Calculate the remainder when 33794202 is divided by 194.
178
What is the remainder when 13846562 is divided by 131?
124
Calculate the remainder when 45368698 is divided by 5671085.
18
Calculate the remainder when 54593 is divided by 2549.
1064
What is the remainder when 84368 is divided by 778?
344
Calculate the remainder when 35980 is divided by 1527.
859
Calculate the remainder when 8941485 is divided by 1490243.
27
What is the remainder when 109648 is divided by 373?
359
What is the remainder when 700721 is divided by 86?
79
What is the remainder when 2966 is divided by 739?
10
Calculate the remainder when 561044 is divided by 3691.
12
Calculate the remainder when 915424802 is divided by 1708.
1706
What is the remainder when 8500155 is divided by 134?
133
Calculate the remainder when 3840550 is divided by 34.
12
Calculate the remainder when 1706066 is divided by 5382.
5354
What is the remainder when 2982839 is divided by 1196?
15
Calculate the remainder when 27791 is divided by 1109.
66
Calculate the remainder when 154224 is divided by 2570.
24
Calculate the remainder when 52017 is divided by 8667.
15
What is the remainder when 158011 is divided by 99?
7
What is the remainder when 26148924 is divided by 46?
40
Calculate the remainder when 49591870 is divided by 54.
52
Calculate the remainder when 45330325 is divided by 1742.
1
Calculate the remainder when 43206 is divided by 1063.
686
Calculate the remainder when 730716 is divided by 235.
101
Calculate the remainder when 11243219 is divided by 3696.
3683
What is the remainder when 98929 is divided by 49452?
25
What is the remainder when 139641397 is divided by 268?
265
Calculate the remainder when 107267 is divided by 35736.
59
What is the remainder when 22852739 is divided by 328?
323
Calculate the remainder when 16466 is divided by 14115.
2351
Calculate the remainder when 42713361 is divided by 43.
42
What is the remainder when 900240 is divided by 8913?
27
Calculate the remainder when 4140634 is divided by 3029.
3020
What is the remainder when 59215 is divided by 19713?
76
Calculate the remainder when 241557655 is divided by 1515.
1510
What is the remainder when 516666 is divided by 4873?
128
Calculate the remainder when 3757371 is divided by 6.
3
What is the remainder when 1208600 is divided by 1022?
596
What is the remainder when 797724 is divided by 7380?
684
Calculate the remainder when 1199286 is divided by 2913.
2043
What is the remainder when 16519040 is divided by 15253?
41
Calculate the remainder when 11409157 is divided by 228182.
57
Calculate the remainder when 157766530 is divided by 678.
676
Calculate the remainder when 7385861 is divided by 39.
2
Calculate the remainder when 7433901 is divided by 9.
0
What is the remainder when 188863 is divided by 37701?
358
What is the remainder when 1826762 is divided by 2482?
10
Calculate the remainder when 234794 is divided by 15648.
74
What is the remainder when 1736758187 is divided by 198?
197
What is the remainder when 11973429 is divided by 211?
23
What is the remainder when 1185791 is divided by 24?
23
Calculate the remainder when 969458 is divided by 18638.
282
What is the remainder when 9731500 is divided by 152?
4
What is the remainder when 5302236 is divided by 220?
16
Calculate the remainder when 7024275 is divided by 3511887.
501
Calculate the remainder when 116641 is divided by 58262.
117
What is the remainder when 50660 is divided by 8414?
176
Calculate the remainder when 1222647 is divided by 2870.
27
Calculate the remainder when 8869669 is divided by 121.
6
Calculate the remainder when 5373140 is divided by 168.
164
What is the remainder when 126625 is divided by 5064?
25
Calculate the remainder when 6883285 is divided by 860410.
5
Calculate the remainder when 45283 is divided by 4.
3
Calculate the remainder when 9246616 is divided by 1067.
1061
Calculate the remainder when 132667 is divided by 49.
24
Calculate the remainder when 361188 is divided by 11650.
38
Calculate the remainder when 27032914 is divided by 3663.
3637
Calculate the remainder when 145136 is divided by 1209.
56
What is the remainder when 290036 is divided by 424?
20
Calculate the remainder when 528425 is divided by 26419.
45
What is the remainder when 197380 is divided by 64419?
4123
Calculate the remainder when 2351985 is divided by 213813.
42
Calculate the remainder when 7231485 is divided by 185.
20
What is the remainder when 35609835 is divided by 1254?
1251
What is the remainder when 79774 is divided by 39886?
2
What is the remainder when 139835 is divided by 46598?
41
What is the remainder when 76324 is divided by 552?
148
Calculate the remainder when 52914114 is divided by 52914109.
5
Calculate the remainder when 28253176 is divided by 4036168.
0
What is the remainder when 3019250 is divided by 14514?
338
Calculate the remainder when 511962 is divided by 550.
462
Calculate the remainder when 2987369 is divided by 2639.
21
Calculate the remainder when 194902 is divided by 937.
6
Calculate the remainder when 14564045 is divided by 62.
59
Calculate the remainder when 33574821 is divided by 114.
1